
Suppose -14*h - 16*h + 588720 = 10*h. What is the hundreds digit of h?
7
Let r = 30 - 28. Let c be -3 + r + 3 - 2. Suppose c = 2*a - m - 81, -4*a + 172 = -m - 3*m. What is the tens digit of a?
3
Let g(s) be the third derivative of s**5/60 + 5*s**4/24 + 20*s**3/3 - 19*s**2 + 4*s. Let a = -22 - -12. What is the tens digit of g(a)?
9
Suppose -5*k = -4*k - 0*k. Suppose k = -p + 3*p + 2, 14 = w - 3*p. Suppose w*c - 484 = 275. What is the units digit of c?
9
Suppose 3*o = -5*r + 95907 - 7261, 3*r = 3*o + 53178. What is the thousands digit of r?
7
Suppose 748*v - 710*v - 440078 = 0. What is the hundreds digit of v?
5
Let d(w) = 10*w**3 + w + 1. Let s be d(-1). Let i = s + 10. Suppose i = -5*h + 6*h - 10. What is the tens digit of h?
1
Let n be (14 - 11 - 3) + 1*-671. Let m = -431 - n. What is the tens digit of m?
4
Suppose -18644 = -6*k + 2278. What is the tens digit of k?
8
Suppose 82906 = 84*j + 83345 - 655219. What is the tens digit of j?
9
Suppose 0 = 16*l + 21*l - 18315. What is the thousands digit of (-3 - l/12)/((-36)/1056)?
1
Suppose -9*y - 4368 = 15*y. Let m = y + 462. What is the hundreds digit of m?
2
Let v(r) = 7*r + 26. Let x be v(-4). Let z be x*-14*(-4)/(-16). Suppose z*p + 2*f = 3*p + 212, -3*p - f = -157. What is the units digit of p?
1
Let o(v) = 2*v**3 - v**2 + v + 9. Let i be o(0). Suppose -4*s + 256 = 2*r, 0 = -13*r + i*r + 8. What is the units digit of s?
3
What is the tens digit of (-4032504)/(-273) - 3/39?
7
Let j(x) = -137*x + 49. Let i be j(-13). Suppose -78*f + 72*f + i = 0. What is the tens digit of f?
0
Suppose 9*l + 3397 - 342596 = -4*r, -2*r = -2*l + 75366. What is the hundreds digit of l?
6
Let s(g) = -2*g**2 + 66*g - 24. Let c be s(28). Let z = c + 17. Suppose -10*a - z = -1833. What is the tens digit of a?
5
Suppose -q - a + 586 = -10935, 57629 = 5*q - a. What is the hundreds digit of q?
5
Let c(x) = -378*x**3 + x**2 - 3*x + 2. Let i be c(1). Let q = i - -393. What is the units digit of q?
5
Let w be (-5 - 0) + 3 - (26 + -23). Let t(a) = -a**3 + a**2 + 6*a - 6. Let k(v) = -v**3 + 5*v - 6. Let s(m) = -3*k(m) + 4*t(m). What is the tens digit of s(w)?
7
Suppose -1326831 = 88*n - 4753287. What is the thousands digit of n?
8
Let o = 1463 + -960. Suppose o = 3*p - 472. What is the hundreds digit of p?
3
Let o = -9466 - -16325. What is the tens digit of o?
5
Suppose y - 3 - 2 = 0, -4*y + 26 = 3*i. Suppose i*d + 3 = 7. Suppose o + d*o = 267. What is the tens digit of o?
8
Let a = 122 - 127. What is the tens digit of (21 + 4)/a + 567?
6
Let t = -90 - -127. Suppose 0 = 4*f - 4, -6 - 15 = r - 5*f. Let z = t + r. What is the units digit of z?
1
Let f = 28 + -98. Let g be f/(-245) + (-107)/7. Let y(r) = -18*r - 24. What is the units digit of y(g)?
6
Suppose -56355 = -33*b + 21816 + 244503. What is the tens digit of b?
7
Let k = 23 + -10. Suppose -x + m + 415 = 0, -x - 2*x - 5*m + 1285 = 0. Suppose k*z - x = 8*z. What is the units digit of z?
4
Let x = 339 + -209. Let m = 219 - x. What is the tens digit of m?
8
Let h = 66 + -57. Suppose -4*f = -t - h*f + 48, 3*t = 4*f + 220. Let v = 21 + t. What is the tens digit of v?
8
Suppose -3*b = -0*b - 48. Suppose m = 5*i - b, -3*i + 2*m = -m. Suppose 0 = i*q - 0*q - 16. What is the units digit of q?
4
Suppose 14*h = 574 + 434. Let v(t) = -t**3 - 8*t**2 + 5. Let a be v(-8). Suppose 0 = 3*b + g - 168, b - a*g - h = -0*b. What is the units digit of b?
7
Suppose 6*t + 53*t = t + 136706. What is the thousands digit of t?
2
Suppose -83*v = -6*v - 1050580 - 100801. What is the tens digit of v?
5
Suppose 15*l = -i + 11*l - 139, 5*i + 570 = 5*l. Let f be 9/((14/(-48))/(-7)). Let h = f + i. What is the units digit of h?
7
What is the thousands digit of (16*408/480)/(2/620)?
4
Suppose 111*b - 100*b = 4785. Suppose -b - 291 = -33*v. What is the tens digit of v?
2
Suppose 0*g = -43*g + 104920. What is the hundreds digit of g?
4
Let r(x) = 11 - 5*x**2 + 7*x - 9 + 2*x + 13*x - 3*x**3. What is the tens digit of r(-7)?
3
Suppose -11*c = -c - 30. Suppose 8 - 26 = c*h. What is the hundreds digit of (-4)/h - 2709/(-27)?
1
Let s = -172 - -172. Suppose s = 6*p + 5*p - 297. What is the tens digit of p?
2
Let a(i) = -16*i**3 + 34*i**2 + 254*i + 20. What is the thousands digit of a(-8)?
8
Let u(y) = -931*y + 5 - 42 + 6 + 5 + 14. What is the tens digit of u(-1)?
1
Suppose -10086 - 16766 = -7*h. Suppose -h = 7*z - 35*z. What is the tens digit of z?
3
Let t = 409 + -406. What is the hundreds digit of t - 197*(-2 - (5 - 6))?
2
Let h(u) be the first derivative of 17*u**5/60 - 4*u**2 + 14. Let o(z) be the second derivative of h(z). What is the tens digit of o(1)?
1
Let s(i) = 17*i + 13. Let f be 1*((-706)/(-26) + 6/(-39)). Let k be (-36)/f*2*(-27)/12. What is the units digit of s(k)?
5
Let w(o) = -7*o - 24. Suppose -93 = 12*u + 351. What is the tens digit of w(u)?
3
Let x = 396 - 618. Let j = 528 + x. What is the tens digit of j?
0
Let c = 1 - -101. Let h = c + -201. Let w = -59 - h. What is the units digit of w?
0
Suppose -18*a + 43936 + 42503 = 2163. What is the tens digit of a?
8
Suppose -73*h = -80*h + 6006. Suppose y - h = -856. What is the units digit of y?
2
Suppose -4625 = -4*m - 3*w, -4*w = -6 + 26. Suppose 7*t - m = 2*t. Suppose -3*o = 5*l - 244, 5*o - t = 2*o + l. What is the tens digit of o?
7
Suppose 3*u = 2*g + 9237, -12*g + 16*g = 3*u - 9225. What is the units digit of u?
3
Suppose 10 = u + 11. Let d be 12*2*u/(-4) - 0. What is the hundreds digit of 53*4/8*d?
1
Let g be -7 + (3/(-7) - (-144)/42). Let n = g - -6. Suppose -n*h + 101 = -29. What is the tens digit of h?
6
Let g(f) = -f**3 - 16*f**2 - 4*f - 6. Let p be g(-16). Let k = 53 - p. What is the hundreds digit of 54/k*(-1260)/56?
2
Let n be ((-115)/(-10))/(1*-1)*-10. Suppose -4*i + 1485 + n = 0. Suppose y = -7*y + i. What is the tens digit of y?
5
Let x be ((-45)/(-2))/(4/(-8)). Let h = 70 + x. Suppose -g + 82 = h. What is the tens digit of g?
5
Let z = -17867 + 27378. What is the tens digit of z?
1
Let j(q) = -q**2 + 2*q + 2. Let i be j(0). Suppose -2 = -i*k + h - 1, 3*h = 3. What is the tens digit of 100 + k + (4 - 1)?
0
Let h be ((-19)/76)/(2/(-1336)). Suppose -h*n = -169*n + 1056. What is the hundreds digit of n?
5
Let q be (2*12/(-12))/((-2)/3). Suppose -w = q*c - 8*c - 191, 422 = 2*w - 2*c. What is the tens digit of w?
1
Suppose -2*h = -5*z - 5 + 2, 4*z = 5*h + 35. What is the units digit of 1 + 75 - (-2 - (h - -9))?
6
Let g be 8 - 4*(-6)/8. Suppose 0 = 3*s + g*u - 6*u - 110, 5*u + 205 = 4*s. What is the units digit of s?
5
Let w = -24 - -30. Suppose 0 = 5*p - w - 4. What is the tens digit of 1*(p - (-3 + 1))*4?
1
Suppose -2*z + 55959 = 3*p, -30*z = -25*z. What is the thousands digit of p?
8
Let w(j) = j**3 + 7*j**2 - 19*j - 4. Let u be w(-9). Suppose -5*v = -b - 2313, -648 = -u*v - 2*b + 1656. What is the units digit of v?
2
Let a be (-1089)/18 - (-3)/2. Let p = -34 - a. Suppose -o = k - 17, 78 + p = 5*o - 4*k. What is the units digit of o?
9
Suppose -4*t = -108 + 64. Suppose 4*z + 4*k = 4120, -6*z - 2*k = -t*z + 5122. What is the thousands digit of z?
1
Suppose -3*n + 14 = b, -4*n + 31 = b + 13. Suppose n*f = -8, 43 = -p + f + 769. What is the hundreds digit of p?
7
Let m = -293 + 909. Suppose m = 6*h - 1058. Suppose -3*j = -936 + h. What is the hundreds digit of j?
2
Let a = 163 - -7150. What is the tens digit of a?
1
Suppose 0 = -r - 4*n - 2 + 20, -2*r - n = -15. Suppose 11*o - r*o = 865. Suppose p + 3*p - k = o, 0 = -2*p - 3*k + 97. What is the tens digit of p?
4
Let n(q) = 51*q**2 - 51*q - 169. What is the thousands digit of n(-12)?
7
Let b = 68120 - 22414. What is the hundreds digit of b?
7
Let s = 0 + 25. Let l be s/(-10) - -3 - 3/(-2). Suppose 0 = -l*r - 2*z + 64, 0 = -r + 5*z - 4*z + 38. What is the tens digit of r?
3
Let m = 345 - 298. Suppose 2*g - 12 = 4*g - 4*v, g = -3*v - 6. Let n = m + g. What is the tens digit of n?
4
Let m be 54/(-135) + -1 + (-58)/5. What is the thousands digit of 2/((m/(-574))/13)?
1
Suppose -2*w - 5*b = -129, -5*w + 48 = -4*w - 3*b. Suppose 4*s = -2*v - 104, 3*s = v + 3*v + 197. Let g = w + v. What is the units digit of g?
7
Let c(f) = -6*f - 86. Let o be c(-18). Suppose o*w - 39066 = -4592. What is the units digit of w?
7
Suppose 35563 = 6*y + 11*y - 170817. What is the hundreds digit of y?
1
Suppose 